ppose -3*v = -2*o + 6 - 5, -2*v + 3*o = 9. Give s(v).
4
Let o(b) = -b**2 + 6*b. Let z(f) = -f**2 + f. Let h(g) = -o(g) + 5*z(g). Let x be h(1). Let i(v) = v**2 + 4*v + 2. Give i(x).
7
Suppose 8*l - 72 = -l. Let i(a) = a**3 - 27*a**2 - 31*a**2 - 7*a - 9 + 51*a**2. Calculate i(l).
-1
Let c(a) = -a**3 - 4*a**2 - 3*a + 1. Let k = 49 - 60. Let n = k - -7. Determine c(n).
13
Let w = -255 + 261. Let p(i) = -3*i - 15. Let v(a) = a + 8. Let x(c) = -2*p(c) - 5*v(c). Calculate x(w).
-4
Let l(h) = 1. Let o(z) = -2*z - 10. Let d(c) = -10*l(c) - o(c). What is d(1)?
2
Let m(d) = d**3 + 7*d**2 - 4*d - 4. Let r(l) = -l. Let j(a) = a**3 - 10*a**2 + 16*a - 3. Let o be j(8). Let s(c) = o*r(c) + m(c). Calculate s(-7).
3
Let o = -18 - -21. Let t(z) = z - 6*z - o*z - 1 + z. Give t(-2).
13
Let n(w) = w**3 - 4*w**2 - 4*w - 1. Let m = 22 + -30. Let r(k) = -2*k + 2*k - 11 - 2*k. Let q be r(m). Give n(q).
4
Let m(t) be the first derivative of t**5/60 + t**4/6 - t**3 - 13*t**2/2 - 17. Let n(b) be the second derivative of m(b). Calculate n(-6).
6
Let w(g) be the third derivative of g**4/6 - 11*g**3/6 + 29*g**2. Let l(b) = 5*b - 12. Let a(u) = -3*l(u) + 4*w(u). Calculate a(0).
-8
Let w(d) = d**2 + d + 8. Suppose -5*c = 5*b + 20, 3*c + b = -0*c - 2. Let f be (-2)/4 - (-10)/4. Suppose -f*h - m = -0*h - c, -5 = h - 5*m. What is w(h)?
8
Let i(u) = -u - 1 + 21 - 10 - 10 - 4. What is i(-12)?
8
Suppose 4*x = -5*y + 28, -5*y + 8*y = -3*x + 18. Suppose -x*s + 0 = 2. Let t(b) be the third derivative of b**6/40 - b**4/12 - b**3/6 - 14*b**2. Calculate t(s).
-2
Let c(l) = -l**3 - 16*l**2 + 18. Let a(u) = -u**3 - 2*u**2 + 2. Let o(q) = 2*a(q) - c(q). Calculate o(12).
-14
Let g(s) = -s**3 + 9*s**2 + s - 10. Let l be (-22)/8 - 3/12. Let v be -2*(-12)/8 + l. Suppose v = -5*n - d + 48, 3*n + d + 2 = 32. Give g(n).
-1
Let o(z) = 8*z + 6. Suppose 4*v + 54 = -5*v. Let k(t) = -t - 1. Let s(c) = v*k(c) - o(c). What is s(4)?
-8
Let h = 10 - 6. Let u(d) = 2 + 1 + 2*d - 7. What is u(h)?
4
Let k(x) = -x - 6. Let d(h) = -3 + 3*h - 19 - 5*h + 3. Let l be d(-6). What is k(l)?
1
Let y = 147/286 - 2/143. Let p(g) be the first derivative of 0*g - y*g**2 + 3. Give p(-3).
3
Let n(s) = s**3 + 4*s**2 - 7*s - 4. Let h(z) = 7 - 43*z - 42*z + 87*z. Suppose 0 = -4*d - 23 - 1. Let u be h(d). Calculate n(u).
6
Let p be (2/4)/((-9)/(-216)). Suppose -5*j - 5*x = 5, 5*j - 4*x = j + p. Let n(u) = -1. Let g(f) = f**2 + f + 5. Let l(b) = -g(b) - 6*n(b). Calculate l(j).
-1
Let s be (2/6)/(495/(-81) - -6). Let g(a) = -2*a**2 - a**2 - 4*a + 2*a**2 - 1. Calculate g(s).
2
Let j(g) = 4*g**2 - 18*g - 11. Let l be j(7). Suppose 6*m = l - 23. Let o(f) = 3*f - 7. Let k(z) = z - 1. Let p(q) = 2*k(q) - o(q). Calculate p(m).
-1
Let j(o) = o**2 - 4*o - 2. Let d be (-55)/(-15) - ((-8)/(-3) + -2). Suppose a + d = 9. What is j(a)?
10
Let b(k) = -k**2 - k - 11. Let q(w) = -5*w**2 + 50*w. Let i be q(10). Calculate b(i).
-11
Let r(k) = -6*k + 17. Let g(c) = -2*c + 6. Let u(x) = -17*g(x) + 6*r(x). Let l be (10 + -9)*-1*1. Determine u(l).
2
Let y = -151 - -158. Let n(q) = q**3 - 7*q**2 - q + 6. Calculate n(y).
-1
Let m be 6 - (-1)/(-1) - 2. Suppose 4*x + 3 - 1 = m*c, -x + 2*c = 3. Let o be 16/(-8)*(x - 3). Let i(q) = -2*q + 1. Calculate i(o).
-7
Suppose -2*b = 4*g + 46, 4*b + 3*g = 7*g - 92. Let v(t) = t**3 + 24*t**2 + 22*t - 22. Let c be v(b). Let z(y) = -2*y**2 - 2*y + 1. Calculate z(c).
-3
Let f(b) be the third derivative of b**6/120 + b**5/10 - b**4/12 - b**3 - 2*b**2 + 161*b. Calculate f(-4).
34
Let r(p) = 4*p**2 - p - 1. Let x(u) = u**2 + u - 1. Let g(b) = -r(b) + 2*x(b). Let f be 9*26/585*(-1 + 6). Give g(f).
-3
Let q(w) be the third derivative of -w**4/24 + 7*w**3/6 + 4*w**2 - 37. Suppose 0 = 4*l - 2*l - 10. Determine q(l).
2
Let g(l) = 290*l + 234*l + 289*l - 810*l. Suppose 5 + 10 = 3*s. Suppose -4*v + 1 = s. What is g(v)?
-3
Suppose 25 = m - 6*m. Let n = 13 - 11. Let b(h) = 2*h - 2*h - n*h - 1 + h. Calculate b(m).
4
Let d(h) = 10*h - 8 + 2*h**2 + 4*h**2 + 2*h**2 + 82*h**3 - 83*h**3. What is d(9)?
1
Let n(w) = w + 1. Suppose 0 = 7*b - 11*b - 172. Let u = -50 - b. Determine n(u).
-6
Let k(h) = -h + 11. Let u be k(9). Suppose -u - 1 = -d. Let j be d + 12/(-4) - 1. Let w(s) = -2*s**3 - 2*s**2 + 1. Give w(j).
1
Let t(x) = x**2 - 6*x + 8. Let j(h) = h**3 - 7*h**2 - 7*h - 2. Let l = 6 + -3. Suppose 0 = l*v - 2*q - 20, 2*v + 2*q = v + 12. Let d be j(v). Calculate t(d).
8
Let y(l) = 5*l**2 + 2*l + 2. Let k be (780/40 - 17)*4/(-5). Calculate y(k).
18
Let i(h) be the second derivative of -2/3*h**3 - 1/20*h**5 + 0 + 13*h + 3*h**2 - 1/2*h**4. What is i(-5)?
1
Let l(w) = -w**3 - 6*w**2 - 2*w + 2. Let n be ((-11)/33)/(2/12) + -3. Determine l(n).
-13
Let a(x) = x**2 + 13*x - 30. Let d = -423 - -408. Give a(d).
0
Let c(s) = -3*s**2 - 4*s - 2. Let j be c(-2). Let o(r) be the third derivative of -r**4/12 - 2*r**3/3 + 67*r**2. Calculate o(j).
8
Let a(g) = 12*g - 188 - 11*g + 95 + 123. What is a(-14)?
16
Suppose 4*x + 2*a - 12 = 0, -2*x - 5*a = x - 2. Let c be x/(6/2 + 1). Let v(g) = -g**2 + 2 + g - 2 + c + 2*g. Give v(5).
-9
Let w(m) be the first derivative of m**5/60 - 5*m**4/24 - 5*m**3/6 + 3*m**2/2 + 4. Let j(a) be the second derivative of w(a). Let t = 56 - 51. Calculate j(t).
-5
Suppose -2*n - 2 = -10. Let r(b) = 2 - 6*b - n + 2. Let x(g) = -g**3 + g**2 + 4*g - 3. Let s be x(2). Calculate r(s).
-6
Let b(c) = -c + 2. Let t(x) = x**2 - 8*x + 9. Let r be t(6). Let m(v) = v**2 + v - 8. Let d be m(r). Let q be (0/(4 - 0))/d. What is b(q)?
2
Let z(i) = -155*i - 176*i + 333*i + 4 - 75. What is z(30)?
-11
Let q(c) = 10 - 3 - 6 - 2*c - 8. Let h(u) = u + 4. Let x(p) = 7*h(p) + 4*q(p). Determine x(-1).
1
Let u = 382 - 389. Let i(j) = j**2 + 11*j + 34. Give i(u).
6
Suppose d + 4*s = 12, -d - 5*s + 8 = 2*d. Suppose p - 2*u - 4 = 3*p, 0 = 5*p + 3*u + 2. Let z(k) = -k - 6 - 8*k**p - 5*k - 9*k**2 + 16*k**2. Determine z(d).
2
Let c(r) = 3*r + 7. Suppose 0 = 22*w - 33*w - 55. What is c(w)?
-8
Let b(j) = j - 6. Let i(q) = q**3 + 5*q**2 - 4*q - 15. Let g be i(-5). Suppose -4*r = 4*l + 16, -3*r - 9 - 24 = -4*l. Let k be g/5 - (r - 0). Give b(k).
2
Let q(x) = x - 15. Let u(y) = -5. Let c(h) = 4*q(h) - 11*u(h). What is c(4)?
11
Suppose -5*c - 2*j = -25, -c - j - 2*j + 5 = 0. Suppose v + 10 = -3*m, m = -5*v + c*m + 45. Let f(t) = t**2 - 5*t + 3. Determine f(v).
3
Let f(w) = w**2 - 17*w + 17. Let u be f(14). Let z = u + 18. Let b(q) = q**2 + 7*q - 5. What is b(z)?
-5
Let y(r) be the second derivative of r**6/90 + 2*r**4/3 - r**2/2 + 2*r + 17. Let b(w) be the third derivative of y(w). Give b(-2).
-16
Let y(w) = -3*w + 32. Let h(s) = -40*s + 48. Let a be h(1). Determine y(a).
8
Let f be 20/(-6)*(-18)/15. Let c(d) be the first derivative of -1/2*d**2 + 0*d + 1/3*d**3 - 3. Give c(f).
12
Let x(q) = q - 11. Let k be x(11). Suppose 3*v - 6*v + 24 = 3*p, -4*v + 18 = 2*p. Let m(b) = -p*b**2 + 7 + 8*b**2 + b + 0*b. What is m(k)?
7
Let q(k) = -k**2 - 8*k - 10. Let o(u) = -8*u + 108. Let i be o(14). Determine q(i).
6
Let y(q) = 3*q - 14. Let m be y(6). Let k(h) = 5 + m*h**3 + 57*h - 5*h**3 - 50*h - 2*h**2. Determine k(-4).
9
Let v(j) = j + 3. Let d(l) = -l**3 + 4*l**2 + l + 3. Let k be d(4). Suppose -4*g = -5*g + k. Give v(g).
10
Let s(u) = -u**3 - 5*u**2 + 6*u + 9. Let r be 51/(-2 - 1)*(2 + -1). Let d(o) = -o**3 - 16*o**2 + 16*o - 23. Let y be d(r). Calculate s(y).
9
Let a(n) = 7*n - 1. Let b(l) = 3*l - 1. Let f(z) = -2*a(z) + 4*b(z). Calculate f(-6).
10
Let j be 21/(-14)*6/9. Let s(g) = -1 + 0 + 0 - 12*g. What is s(j)?
11
Let w(u) = u - 8. Let t be ((-49)/14)/(3*1/(-6)). Give w(t).
-1
Suppose -10 = -3*t - 1. Let k(c) = -4*c**3 + 5*c**3 + 1 + 2*c - 6*c**2 - 2*c**t + 3*c**2. Give k(-3).
-5
Let i(w) = -14*w**2 + 27*w + 26. Let q(v) = -5*v**2 + 9*v + 9. Let g(n) = -6*i(n) + 17*q(n). What is g(-8)?
5
Let h(t) = 3*t**2 - 2*t. Let n = 2 - -3. Let b(z) = 7*z**2 - 3*z + 1. Let j(g) = n*h(g) - 2*b(g). Suppose 3*v - 9 = -3*f, 2*v = -3*f + 5*v + 15. Determine j(f).
-2
Let d be (0 - 2/(-5))*5. Let f(q) be the second derivative of -q**3/2 - q**2/2 + 155*q. Calculate f(d).
-7
Let s(a) = -6 + 13 - 3*a - 6. Give s(5).
-14
Let n(b) = -4*b - 14*b**2 - 8 + 7*b**2 - 3*b + 8*b**2. Give n(7).
-8
Let g(r) be the third derivative of r**5/60 - 5*r**4/12 - 4*r**3/3 + 140*r**2. Calculate g(12).
16
Let d(q